{"id":3948,"date":"2023-12-13T12:52:23","date_gmt":"2023-12-13T10:52:23","guid":{"rendered":"https:\/\/tyll.fi\/tyllilainen\/?page_id=3948"},"modified":"2024-01-07T20:31:59","modified_gmt":"2024-01-07T18:31:59","slug":"lukuvuosi-2023-2024","status":"publish","type":"page","link":"https:\/\/tyll.fi\/tyllilainen\/lukuvuosi-2023-2024\/","title":{"rendered":"Lukuvuosi 2023-2024"},"content":{"rendered":"\t\t<div data-elementor-type=\"wp-page\" data-elementor-id=\"3948\" class=\"elementor elementor-3948\">\n\t\t\t\t\t\t<section class=\"elementor-section elementor-top-section elementor-element elementor-element-73c8d7a elementor-section-height-min-height elementor-section-content-middle elementor-section-boxed elementor-section-height-default elementor-section-items-middle\" data-id=\"73c8d7a\" data-element_type=\"section\" data-e-type=\"section\" data-settings=\"{&quot;background_background&quot;:&quot;classic&quot;,&quot;shape_divider_bottom&quot;:&quot;wave-brush&quot;}\">\n\t\t\t\t\t\t\t<div class=\"elementor-background-overlay\"><\/div>\n\t\t\t\t\t\t<div class=\"elementor-shape elementor-shape-bottom\" aria-hidden=\"true\" data-negative=\"false\">\n\t\t\t<svg xmlns=\"http:\/\/www.w3.org\/2000\/svg\" viewBox=\"0 0 283.5 27.8\" preserveAspectRatio=\"none\">\n\t<path class=\"elementor-shape-fill\" d=\"M283.5,9.7c0,0-7.3,4.3-14,4.6c-6.8,0.3-12.6,0-20.9-1.5c-11.3-2-33.1-10.1-44.7-5.7\ts-12.1,4.6-18,7.4c-6.6,3.2-20,9.6-36.6,9.3C131.6,23.5,99.5,7.2,86.3,8c-1.4,0.1-6.6,0.8-10.5,2c-3.8,1.2-9.4,3.8-17,4.7\tc-3.2,0.4-8.3,1.1-14.2,0.9c-1.5-0.1-6.3-0.4-12-1.6c-5.7-1.2-11-3.1-15.8-3.7C6.5,9.2,0,10.8,0,10.8V0h283.5V9.7z M260.8,11.3\tc-0.7-1-2-0.4-4.3-0.4c-2.3,0-6.1-1.2-5.8-1.1c0.3,0.1,3.1,1.5,6,1.9C259.7,12.2,261.4,12.3,260.8,11.3z M242.4,8.6\tc0,0-2.4-0.2-5.6-0.9c-3.2-0.8-10.3-2.8-15.1-3.5c-8.2-1.1-15.8,0-15.1,0.1c0.8,0.1,9.6-0.6,17.6,1.1c3.3,0.7,9.3,2.2,12.4,2.7\tC239.9,8.7,242.4,8.6,242.4,8.6z M185.2,8.5c1.7-0.7-13.3,4.7-18.5,6.1c-2.1,0.6-6.2,1.6-10,2c-3.9,0.4-8.9,0.4-8.8,0.5\tc0,0.2,5.8,0.8,11.2,0c5.4-0.8,5.2-1.1,7.6-1.6C170.5,14.7,183.5,9.2,185.2,8.5z M199.1,6.9c0.2,0-0.8-0.4-4.8,1.1\tc-4,1.5-6.7,3.5-6.9,3.7c-0.2,0.1,3.5-1.8,6.6-3C197,7.5,199,6.9,199.1,6.9z M283,6c-0.1,0.1-1.9,1.1-4.8,2.5s-6.9,2.8-6.7,2.7\tc0.2,0,3.5-0.6,7.4-2.5C282.8,6.8,283.1,5.9,283,6z M31.3,11.6c0.1-0.2-1.9-0.2-4.5-1.2s-5.4-1.6-7.8-2C15,7.6,7.3,8.5,7.7,8.6\tC8,8.7,15.9,8.3,20.2,9.3c2.2,0.5,2.4,0.5,5.7,1.6S31.2,11.9,31.3,11.6z M73,9.2c0.4-0.1,3.5-1.6,8.4-2.6c4.9-1.1,8.9-0.5,8.9-0.8\tc0-0.3-1-0.9-6.2-0.3S72.6,9.3,73,9.2z M71.6,6.7C71.8,6.8,75,5.4,77.3,5c2.3-0.3,1.9-0.5,1.9-0.6c0-0.1-1.1-0.2-2.7,0.2\tC74.8,5.1,71.4,6.6,71.6,6.7z M93.6,4.4c0.1,0.2,3.5,0.8,5.6,1.8c2.1,1,1.8,0.6,1.9,0.5c0.1-0.1-0.8-0.8-2.4-1.3\tC97.1,4.8,93.5,4.2,93.6,4.4z M65.4,11.1c-0.1,0.3,0.3,0.5,1.9-0.2s2.6-1.3,2.2-1.2s-0.9,0.4-2.5,0.8C65.3,10.9,65.5,10.8,65.4,11.1\tz M34.5,12.4c-0.2,0,2.1,0.8,3.3,0.9c1.2,0.1,2,0.1,2-0.2c0-0.3-0.1-0.5-1.6-0.4C36.6,12.8,34.7,12.4,34.5,12.4z M152.2,21.1\tc-0.1,0.1-2.4-0.3-7.5-0.3c-5,0-13.6-2.4-17.2-3.5c-3.6-1.1,10,3.9,16.5,4.1C150.5,21.6,152.3,21,152.2,21.1z\"\/>\n\t<path class=\"elementor-shape-fill\" d=\"M269.6,18c-0.1-0.1-4.6,0.3-7.2,0c-7.3-0.7-17-3.2-16.6-2.9c0.4,0.3,13.7,3.1,17,3.3\tC267.7,18.8,269.7,18,269.6,18z\"\/>\n\t<path class=\"elementor-shape-fill\" d=\"M227.4,9.8c-0.2-0.1-4.5-1-9.5-1.2c-5-0.2-12.7,0.6-12.3,0.5c0.3-0.1,5.9-1.8,13.3-1.2\tS227.6,9.9,227.4,9.8z\"\/>\n\t<path class=\"elementor-shape-fill\" d=\"M204.5,13.4c-0.1-0.1,2-1,3.2-1.1c1.2-0.1,2,0,2,0.3c0,0.3-0.1,0.5-1.6,0.4\tC206.4,12.9,204.6,13.5,204.5,13.4z\"\/>\n\t<path class=\"elementor-shape-fill\" d=\"M201,10.6c0-0.1-4.4,1.2-6.3,2.2c-1.9,0.9-6.2,3.1-6.1,3.1c0.1,0.1,4.2-1.6,6.3-2.6\tS201,10.7,201,10.6z\"\/>\n\t<path class=\"elementor-shape-fill\" d=\"M154.5,26.7c-0.1-0.1-4.6,0.3-7.2,0c-7.3-0.7-17-3.2-16.6-2.9c0.4,0.3,13.7,3.1,17,3.3\tC152.6,27.5,154.6,26.8,154.5,26.7z\"\/>\n\t<path class=\"elementor-shape-fill\" d=\"M41.9,19.3c0,0,1.2-0.3,2.9-0.1c1.7,0.2,5.8,0.9,8.2,0.7c4.2-0.4,7.4-2.7,7-2.6\tc-0.4,0-4.3,2.2-8.6,1.9c-1.8-0.1-5.1-0.5-6.7-0.4S41.9,19.3,41.9,19.3z\"\/>\n\t<path class=\"elementor-shape-fill\" d=\"M75.5,12.6c0.2,0.1,2-0.8,4.3-1.1c2.3-0.2,2.1-0.3,2.1-0.5c0-0.1-1.8-0.4-3.4,0\tC76.9,11.5,75.3,12.5,75.5,12.6z\"\/>\n\t<path class=\"elementor-shape-fill\" d=\"M15.6,13.2c0-0.1,4.3,0,6.7,0.5c2.4,0.5,5,1.9,5,2c0,0.1-2.7-0.8-5.1-1.4\tC19.9,13.7,15.7,13.3,15.6,13.2z\"\/>\n<\/svg>\t\t<\/div>\n\t\t\t\t\t<div class=\"elementor-container elementor-column-gap-default\">\n\t\t\t\t\t<div class=\"elementor-column elementor-col-100 elementor-top-column elementor-element elementor-element-4b1ce67\" data-id=\"4b1ce67\" data-element_type=\"column\" data-e-type=\"column\">\n\t\t\t<div class=\"elementor-widget-wrap\">\n\t\t\t\t\t\t\t<\/div>\n\t\t<\/div>\n\t\t\t\t\t<\/div>\n\t\t<\/section>\n\t\t<div class=\"elementor-element elementor-element-2bdb802 e-flex e-con-boxed e-con e-parent\" data-id=\"2bdb802\" data-element_type=\"container\" data-e-type=\"container\">\n\t\t\t\t\t<div class=\"e-con-inner\">\n\t\t<div class=\"elementor-element elementor-element-23aff68 e-con-full e-flex e-con e-child\" data-id=\"23aff68\" data-element_type=\"container\" data-e-type=\"container\">\n\t\t\t\t<div class=\"elementor-element elementor-element-bbbc3e6 elementor-invisible elementor-widget elementor-widget-heading\" data-id=\"bbbc3e6\" data-element_type=\"widget\" data-e-type=\"widget\" data-settings=\"{&quot;_animation&quot;:&quot;fadeIn&quot;}\" data-widget_type=\"heading.default\">\n\t\t\t\t<div class=\"elementor-widget-container\">\n\t\t\t\t\t<h2 class=\"elementor-heading-title elementor-size-default\">Lukuvuosi 2023-2024<\/h2>\t\t\t\t<\/div>\n\t\t\t\t<\/div>\n\t\t\t\t<div class=\"elementor-element elementor-element-854a55d elementor-widget elementor-widget-ucaddon_post_blocks\" data-id=\"854a55d\" data-element_type=\"widget\" data-e-type=\"widget\" data-widget_type=\"ucaddon_post_blocks.default\">\n\t\t\t\t<div class=\"elementor-widget-container\">\n\t\t\t\t\t\n<!-- start Post Blocks -->\n\t\t<link id='font-awesome-css' href='https:\/\/tyll.fi\/tyllilainen\/wp-content\/plugins\/unlimited-elements-for-elementor\/assets_libraries\/font-awesome6\/fontawesome-all.min.css' type='text\/css' rel='stylesheet' >\n\t\t<link id='font-awesome-4-shim-css' href='https:\/\/tyll.fi\/tyllilainen\/wp-content\/plugins\/unlimited-elements-for-elementor\/assets_libraries\/font-awesome6\/fontawesome-v4-shims.min.css' type='text\/css' rel='stylesheet' >\n\n<style>\/* widget: Post Blocks *\/\n\n\n\n#uc_post_blocks_elementor_854a55d {\n    display:grid;\n}\n#uc_post_blocks_elementor_854a55d .ue_post_blocks_box\n{\n  overflow:hidden;\n}\n\n#uc_post_blocks_elementor_854a55d .ue_post_blocks_image\n{\n  overflow:hidden;\n}\n#uc_post_blocks_elementor_854a55d .ue_post_blocks_image img\n{\n  width:100%;\n  display:block;\n}\n#uc_post_blocks_elementor_854a55d .ue_post_blocks_link a\n{\n  display:block;\n  text-decoration:none;\n  text-align:center;\n}\n\n\n#uc_post_blocks_elementor_854a55d .ue-grid-item-meta-data\n{\n  display:inlin-flex;\n  flex-wrap: wrap;\n}\n\n.ue-grid-item-meta-data\n{\n  font-size:12px;\n}\n\n#uc_post_blocks_elementor_854a55d .ue-grid-item-meta-data-icon\n{\n  line-height:1em;\n}\n\n#uc_post_blocks_elementor_854a55d .ue-grid-item-meta-data-icon svg\n{\n  width:1em;\n  height:1em;\n}\n\n#uc_post_blocks_elementor_854a55d .ue_post_blocks_box{\n  display: flex;\n  flex-direction: column;\n}\n#uc_post_blocks_elementor_854a55d .ue_post_blocks_content{\n display: flex; flex-grow: 1;\n flex-direction: column;\n}\n#uc_post_blocks_elementor_854a55d .ue_post_blocks_link{ margin-top: auto;\n}\n\n.ue-grid-item-category a\n{\n  display:inline-block;\n  font-size:10px;\n  text-transform:uppercase;\n}\n\n\n\n\n<\/style>\n\n<div id=\"uc_post_blocks_elementor_854a55d\" class=\"ue_post_blocks uc-items-wrapper \" >\n    <div class=\"ue_post_blocks_box\">\n    <div class=\"ue_post_blocks_image\">\n    <a href=\"https:\/\/tyll.fi\/tyllilainen\/2023-2024\/puhe-nuori-ala-elaa\/\" style=\"display:block;\"><img loading=\"lazy\" decoding=\"async\" src=\"https:\/\/tyll.fi\/tyllilainen\/wp-content\/uploads\/2023\/12\/lehti1-768x768.jpg\"  src=\"https:\/\/tyll.fi\/tyllilainen\/wp-content\/uploads\/2023\/12\/lehti1-768x768.jpg\" alt=\"lehti1\" width=\"768\" height=\"768\"><\/a>\n  <\/div>\n    <div class=\"ue_post_blocks_content\">\n      \n     \n               <div class=\"ue-grid-item-meta-data\">\n            <div class=\"ue-grid-item-meta-data-date\"><span class=\"ue-grid-item-meta-data-icon\"><i class='fas fa-clock'><\/i><\/span> 19.1.2024<\/div>                    \t  \n    \t<\/div>\n         \n    <div class=\"ue_post_blocks_title\"><a href=\"https:\/\/tyll.fi\/tyllilainen\/2023-2024\/puhe-nuori-ala-elaa\/\">Puhe: Nuori, ala el\u00e4\u00e4!<\/a><\/div>    \n        \n    \n    <div class=\"ue_post_blocks_text\">2023-2024\nPuhe: Nuori, ala el\u00e4\u00e4!\nLehtijuttujen lis\u00e4ksi toimittajamme puurtavat tietysti my\u00f6s muiden \u00e4idinkielen...<\/div>        \t<div class=\"ue_post_blocks_link\">\n          <a class=\" \" href='https:\/\/tyll.fi\/tyllilainen\/2023-2024\/puhe-nuori-ala-elaa\/'>LUE LIS\u00c4\u00c4<\/a>\n    \t<\/div>\n      <\/div>\n<\/div>\n<div class=\"ue_post_blocks_box\">\n    <div class=\"ue_post_blocks_image\">\n    <a href=\"https:\/\/tyll.fi\/tyllilainen\/2023-2024\/refugee-film-festival-rantautui-tornioon\/\" style=\"display:block;\"><img loading=\"lazy\" decoding=\"async\" src=\"https:\/\/tyll.fi\/tyllilainen\/wp-content\/uploads\/2024\/01\/festivaali1-768x551.png\"  src=\"https:\/\/tyll.fi\/tyllilainen\/wp-content\/uploads\/2024\/01\/festivaali1-768x551.png\" alt=\"festivaali1\" width=\"768\" height=\"551\"><\/a>\n  <\/div>\n    <div class=\"ue_post_blocks_content\">\n      \n     \n               <div class=\"ue-grid-item-meta-data\">\n            <div class=\"ue-grid-item-meta-data-date\"><span class=\"ue-grid-item-meta-data-icon\"><i class='fas fa-clock'><\/i><\/span> 19.1.2024<\/div>                    \t  \n    \t<\/div>\n         \n    <div class=\"ue_post_blocks_title\"><a href=\"https:\/\/tyll.fi\/tyllilainen\/2023-2024\/refugee-film-festival-rantautui-tornioon\/\">Refugee Film Festival rantautui Tornioon!<\/a><\/div>    \n        \n    \n    <div class=\"ue_post_blocks_text\">2023-2024\nRefugee Film Festival rantautui Tornioon!\nRefugee Film -festivaali j\u00e4rjestettiin 1. &#8211;...<\/div>        \t<div class=\"ue_post_blocks_link\">\n          <a class=\" \" href='https:\/\/tyll.fi\/tyllilainen\/2023-2024\/refugee-film-festival-rantautui-tornioon\/'>LUE LIS\u00c4\u00c4<\/a>\n    \t<\/div>\n      <\/div>\n<\/div>\n<div class=\"ue_post_blocks_box\">\n    <div class=\"ue_post_blocks_image\">\n    <a href=\"https:\/\/tyll.fi\/tyllilainen\/2023-2024\/joulunajan-tapahtumat-tyllilla\/\" style=\"display:block;\"><img loading=\"lazy\" decoding=\"async\" src=\"https:\/\/tyll.fi\/tyllilainen\/wp-content\/uploads\/2023\/12\/lehti1-768x768.jpg\"  src=\"https:\/\/tyll.fi\/tyllilainen\/wp-content\/uploads\/2023\/12\/lehti1-768x768.jpg\" alt=\"lehti1\" width=\"768\" height=\"768\"><\/a>\n  <\/div>\n    <div class=\"ue_post_blocks_content\">\n      \n     \n               <div class=\"ue-grid-item-meta-data\">\n            <div class=\"ue-grid-item-meta-data-date\"><span class=\"ue-grid-item-meta-data-icon\"><i class='fas fa-clock'><\/i><\/span> 12.12.2023<\/div>                    \t  \n    \t<\/div>\n         \n    <div class=\"ue_post_blocks_title\"><a href=\"https:\/\/tyll.fi\/tyllilainen\/2023-2024\/joulunajan-tapahtumat-tyllilla\/\">Joulunajan tapahtumat Tyllill\u00e4<\/a><\/div>    \n        \n    \n    <div class=\"ue_post_blocks_text\">2023-2024\nItsen\u00e4isyysp\u00e4iv\u00e4n &#038; syksyn yo-juhla\nVietimme lukiolla 5.12. itsen\u00e4isyysp\u00e4iv\u00e4n ja syksyn...<\/div>        \t<div class=\"ue_post_blocks_link\">\n          <a class=\" \" href='https:\/\/tyll.fi\/tyllilainen\/2023-2024\/joulunajan-tapahtumat-tyllilla\/'>LUE LIS\u00c4\u00c4<\/a>\n    \t<\/div>\n      <\/div>\n<\/div>\n<div class=\"ue_post_blocks_box\">\n    <div class=\"ue_post_blocks_image\">\n    <a href=\"https:\/\/tyll.fi\/tyllilainen\/2023-2024\/hei-sina-etuoikeutettu-lansimaalainen\/\" style=\"display:block;\"><img loading=\"lazy\" decoding=\"async\" src=\"https:\/\/tyll.fi\/tyllilainen\/wp-content\/uploads\/2023\/12\/ylakuva3-768x768.jpg\"  src=\"https:\/\/tyll.fi\/tyllilainen\/wp-content\/uploads\/2023\/12\/ylakuva3-768x768.jpg\" alt=\"ylakuva3\" width=\"768\" height=\"768\"><\/a>\n  <\/div>\n    <div class=\"ue_post_blocks_content\">\n      \n     \n               <div class=\"ue-grid-item-meta-data\">\n            <div class=\"ue-grid-item-meta-data-date\"><span class=\"ue-grid-item-meta-data-icon\"><i class='fas fa-clock'><\/i><\/span> 4.12.2023<\/div>                    \t  \n    \t<\/div>\n         \n    <div class=\"ue_post_blocks_title\"><a href=\"https:\/\/tyll.fi\/tyllilainen\/2023-2024\/hei-sina-etuoikeutettu-lansimaalainen\/\">Hei, sin\u00e4 etuoikeutettu l\u00e4nsimaalainen!<\/a><\/div>    \n        \n    \n    <div class=\"ue_post_blocks_text\">2023-2024\nHei, sin\u00e4 etuoikeutettu l\u00e4nsimaalainen!\nIstumme sohvalla ja odotamme kympin uutisia. Televisio...<\/div>        \t<div class=\"ue_post_blocks_link\">\n          <a class=\" \" href='https:\/\/tyll.fi\/tyllilainen\/2023-2024\/hei-sina-etuoikeutettu-lansimaalainen\/'>LUE LIS\u00c4\u00c4<\/a>\n    \t<\/div>\n      <\/div>\n<\/div>\n<div class=\"ue_post_blocks_box\">\n    <div class=\"ue_post_blocks_image\">\n    <a href=\"https:\/\/tyll.fi\/tyllilainen\/2023-2024\/baskimaa\/\" style=\"display:block;\"><img loading=\"lazy\" decoding=\"async\" src=\"https:\/\/tyll.fi\/tyllilainen\/wp-content\/uploads\/2023\/12\/baski1.png\"  src=\"https:\/\/tyll.fi\/tyllilainen\/wp-content\/uploads\/2023\/12\/baski1.png\" alt=\"baski1\" width=\"639\" height=\"637\"><\/a>\n  <\/div>\n    <div class=\"ue_post_blocks_content\">\n      \n     \n               <div class=\"ue-grid-item-meta-data\">\n            <div class=\"ue-grid-item-meta-data-date\"><span class=\"ue-grid-item-meta-data-icon\"><i class='fas fa-clock'><\/i><\/span> 27.11.2023<\/div>                    \t  \n    \t<\/div>\n         \n    <div class=\"ue_post_blocks_title\"><a href=\"https:\/\/tyll.fi\/tyllilainen\/2023-2024\/baskimaa\/\">Matkareportaasi Baskimaasta<\/a><\/div>    \n        \n    \n    <div class=\"ue_post_blocks_text\">2023-2024\nN\u00e4in Baskimaassa \u30fc matkareportaasi opintomatkalta\nOsallistuin lokakuussa 11 muun Tornion yhteislyseon...<\/div>        \t<div class=\"ue_post_blocks_link\">\n          <a class=\" \" href='https:\/\/tyll.fi\/tyllilainen\/2023-2024\/baskimaa\/'>LUE LIS\u00c4\u00c4<\/a>\n    \t<\/div>\n      <\/div>\n<\/div>\n<div class=\"ue_post_blocks_box\">\n    <div class=\"ue_post_blocks_image\">\n    <a href=\"https:\/\/tyll.fi\/tyllilainen\/2023-2024\/elokuva-arvio\/\" style=\"display:block;\"><img loading=\"lazy\" decoding=\"async\" src=\"https:\/\/tyll.fi\/tyllilainen\/wp-content\/uploads\/2023\/12\/sabaton.png\"  src=\"https:\/\/tyll.fi\/tyllilainen\/wp-content\/uploads\/2023\/12\/sabaton.png\" alt=\"sabaton\" width=\"716\" height=\"493\"><\/a>\n  <\/div>\n    <div class=\"ue_post_blocks_content\">\n      \n     \n               <div class=\"ue-grid-item-meta-data\">\n            <div class=\"ue-grid-item-meta-data-date\"><span class=\"ue-grid-item-meta-data-icon\"><i class='fas fa-clock'><\/i><\/span> 21.11.2023<\/div>                    \t  \n    \t<\/div>\n         \n    <div class=\"ue_post_blocks_title\"><a href=\"https:\/\/tyll.fi\/tyllilainen\/2023-2024\/elokuva-arvio\/\">Elokuva-arvio<\/a><\/div>    \n        \n    \n    <div class=\"ue_post_blocks_text\">2023-2024\nSabatonin The War To End All Wars &#8211; The Movie tarjoaa uuden n\u00e4k\u00f6kulman historian raakuuksiin\nTornion...<\/div>        \t<div class=\"ue_post_blocks_link\">\n          <a class=\" \" href='https:\/\/tyll.fi\/tyllilainen\/2023-2024\/elokuva-arvio\/'>LUE LIS\u00c4\u00c4<\/a>\n    \t<\/div>\n      <\/div>\n<\/div>\n<div class=\"ue_post_blocks_box\">\n    <div class=\"ue_post_blocks_image\">\n    <a href=\"https:\/\/tyll.fi\/tyllilainen\/2023-2024\/rankka-ja-hauska-reissu-pohjoisessa\/\" style=\"display:block;\"><img loading=\"lazy\" decoding=\"async\" src=\"https:\/\/tyll.fi\/tyllilainen\/wp-content\/uploads\/2023\/12\/tlaosa-2-768x768.jpg\"  src=\"https:\/\/tyll.fi\/tyllilainen\/wp-content\/uploads\/2023\/12\/tlaosa-2-768x768.jpg\" alt=\"tlaosa 2\" width=\"768\" height=\"768\"><\/a>\n  <\/div>\n    <div class=\"ue_post_blocks_content\">\n      \n     \n               <div class=\"ue-grid-item-meta-data\">\n            <div class=\"ue-grid-item-meta-data-date\"><span class=\"ue-grid-item-meta-data-icon\"><i class='fas fa-clock'><\/i><\/span> 15.11.2023<\/div>                    \t  \n    \t<\/div>\n         \n    <div class=\"ue_post_blocks_title\"><a href=\"https:\/\/tyll.fi\/tyllilainen\/2023-2024\/rankka-ja-hauska-reissu-pohjoisessa\/\">Rankka ja hauska reissu pohjoisessa<\/a><\/div>    \n        \n    \n    <div class=\"ue_post_blocks_text\">2023-2024\nRankka ja hauska reissu pohjoisessa\n\nLukiollamme on mahdollista p\u00e4\u00e4st\u00e4 syksyisin mukaan vesientutkimuskurssille,...<\/div>        \t<div class=\"ue_post_blocks_link\">\n          <a class=\" \" href='https:\/\/tyll.fi\/tyllilainen\/2023-2024\/rankka-ja-hauska-reissu-pohjoisessa\/'>LUE LIS\u00c4\u00c4<\/a>\n    \t<\/div>\n      <\/div>\n<\/div>\n\n<\/div>\n<!-- end Post Blocks -->\t\t\t\t<\/div>\n\t\t\t\t<\/div>\n\t\t\t\t<\/div>\n\t\t\t\t\t<\/div>\n\t\t\t\t<\/div>\n\t\t\t\t<\/div>\n\t\t","protected":false},"excerpt":{"rendered":"<p>Lukuvuosi 2023-2024 12.12.2023 Joulunajan tapahtumat Tyllill\u00e4 2023-2024 Itsen\u00e4isyysp\u00e4iv\u00e4n &#038; syksyn yo-juhla Vietimme lukiolla 5.12. itsen\u00e4isyysp\u00e4iv\u00e4n ja syksyn&#8230; LUE LIS\u00c4\u00c4 4.12.2023 Hei, sin\u00e4 etuoikeutettu l\u00e4nsimaalainen! 2023-2024 Hei, sin\u00e4 etuoikeutettu l\u00e4nsimaalainen! Istumme sohvalla ja odotamme kympin uutisia. Televisio&#8230; LUE LIS\u00c4\u00c4 27.11.2023 Matkareportaasi Baskimaasta 2023-2024 N\u00e4in Baskimaassa \u30fc matkareportaasi opintomatkalta Osallistuin lokakuussa 11 muun Tornion yhteislyseon&#8230; LUE LIS\u00c4\u00c4&#8230;<\/p>\n","protected":false},"author":1,"featured_media":0,"parent":0,"menu_order":0,"comment_status":"closed","ping_status":"closed","template":"elementor_header_footer","meta":{"_kadence_starter_templates_imported_post":false,"_kad_post_transparent":"default","_kad_post_title":"hide","_kad_post_layout":"fullwidth","_kad_post_sidebar_id":"","_kad_post_content_style":"unboxed","_kad_post_vertical_padding":"hide","_kad_post_feature":"hide","_kad_post_feature_position":"","_kad_post_header":false,"_kad_post_footer":false,"_kad_post_classname":"","footnotes":""},"class_list":["post-3948","page","type-page","status-publish","hentry"],"_links":{"self":[{"href":"https:\/\/tyll.fi\/tyllilainen\/wp-json\/wp\/v2\/pages\/3948","targetHints":{"allow":["GET"]}}],"collection":[{"href":"https:\/\/tyll.fi\/tyllilainen\/wp-json\/wp\/v2\/pages"}],"about":[{"href":"https:\/\/tyll.fi\/tyllilainen\/wp-json\/wp\/v2\/types\/page"}],"author":[{"embeddable":true,"href":"https:\/\/tyll.fi\/tyllilainen\/wp-json\/wp\/v2\/users\/1"}],"replies":[{"embeddable":true,"href":"https:\/\/tyll.fi\/tyllilainen\/wp-json\/wp\/v2\/comments?post=3948"}],"version-history":[{"count":85,"href":"https:\/\/tyll.fi\/tyllilainen\/wp-json\/wp\/v2\/pages\/3948\/revisions"}],"predecessor-version":[{"id":4262,"href":"https:\/\/tyll.fi\/tyllilainen\/wp-json\/wp\/v2\/pages\/3948\/revisions\/4262"}],"wp:attachment":[{"href":"https:\/\/tyll.fi\/tyllilainen\/wp-json\/wp\/v2\/media?parent=3948"}],"curies":[{"name":"wp","href":"https:\/\/api.w.org\/{rel}","templated":true}]}}